9757.
11, 67, 461
What are the prime factors of 391476?
2, 3, 17, 19, 101
List the prime factors of 15243549.
3, 23, 173, 1277
List the prime factors of 246888.
2, 3, 127
What are the prime factors of 413036?
2, 13, 47
What are the prime factors of 26690086?
2, 239, 55837
What are the prime factors of 17475130?
2, 5, 1747513
List the prime factors of 10603975.
5, 53, 151
What are the prime factors of 268465?
5, 53693
List the prime factors of 236248.
2, 29531
What are the prime factors of 7440659?
7440659
What are the prime factors of 293285?
5, 58657
List the prime factors of 1028142.
2, 3, 57119
What are the prime factors of 11310710?
2, 5, 23, 49177
List the prime factors of 606329.
31, 19559
What are the prime factors of 435937?
151, 2887
What are the prime factors of 203343?
3, 7, 23, 421
What are the prime factors of 2798054?
2, 7, 19, 67, 157
What are the prime factors of 12518199?
3, 541, 857
What are the prime factors of 104202?
2, 3, 7, 827
What are the prime factors of 6494141?
353, 18397
What are the prime factors of 3907445?
5, 19, 41131
List the prime factors of 5178660.
2, 3, 5, 86311
List the prime factors of 5417494.
2, 41, 66067
List the prime factors of 1363793.
1363793
What are the prime factors of 794281?
29, 61, 449
List the prime factors of 675145.
5, 135029
What are the prime factors of 33265331?
11, 37, 47
What are the prime factors of 10642279?
2153, 4943
What are the prime factors of 3269952?
2, 3, 7, 811
List the prime factors of 5442299.
41, 132739
What are the prime factors of 126524?
2, 47, 673
What are the prime factors of 14791354?
2, 7395677
List the prime factors of 164064.
2, 3, 1709
List the prime factors of 17452217.
17, 103, 9967
What are the prime factors of 9321102?
2, 3, 7, 24659
What are the prime factors of 424936?
2, 53117
List the prime factors of 380931.
3, 19, 41, 163
What are the prime factors of 116824?
2, 17, 859
What are the prime factors of 946673?
7, 13, 101, 103
List the prime factors of 8994951.
3, 7, 67, 2131
List the prime factors of 180614.
2, 7, 19, 97
What are the prime factors of 860524?
2, 7, 73, 421
What are the prime factors of 1104825?
3, 5, 14731
What are the prime factors of 811437?
3, 11, 67, 367
What are the prime factors of 27764?
2, 11, 631
What are the prime factors of 527496?
2, 3, 31, 709
List the prime factors of 1768278.
2, 3, 191, 1543
List the prime factors of 512778.
2, 3, 7, 29, 421
List the prime factors of 31372265.
5, 47, 133499
List the prime factors of 411427.
467, 881
List the prime factors of 1735290.
2, 3, 5, 6427
What are the prime factors of 849522?
2, 3, 141587
List the prime factors of 733273.
733273
What are the prime factors of 4639905?
3, 5, 23, 4483
What are the prime factors of 506176?
2, 11, 719
What are the prime factors of 3418453?
641, 5333
List the prime factors of 221402.
2, 31, 3571
List the prime factors of 626660.
2, 5, 31333
List the prime factors of 998029.
998029
List the prime factors of 2734598.
2, 1367299
List the prime factors of 178472.
2, 7, 3187
List the prime factors of 13384326.
2, 3, 2230721
List the prime factors of 242479.
242479
What are the prime factors of 633624?
2, 3, 17, 1553
List the prime factors of 1564520.
2, 5, 39113
What are the prime factors of 555170?
2, 5, 7, 11, 103
List the prime factors of 11460937.
11460937
List the prime factors of 736211.
7, 105173
What are the prime factors of 672261?
3, 331, 677
What are the prime factors of 2818033?
2818033
What are the prime factors of 29295?
3, 5, 7, 31
List the prime factors of 10298925.
3, 5, 7, 13, 503
List the prime factors of 3828202.
2, 7, 97, 2819
List the prime factors of 2829286.
2, 59, 23977
List the prime factors of 380183.
47, 8089
What are the prime factors of 59972?
2, 11, 29, 47
List the prime factors of 1702927.
1702927
What are the prime factors of 2406210?
2, 3, 5, 80207
What are the prime factors of 296621?
13, 22817
What are the prime factors of 2384074?
2, 7, 11, 113, 137
What are the prime factors of 1442393?
1442393
List the prime factors of 1897804.
2, 37, 12823
List the prime factors of 554376.
2, 3, 23099
List the prime factors of 5332809.
3, 113, 15731
What are the prime factors of 1397430?
2, 3, 5, 15527
What are the prime factors of 2123762?
2, 1061881
What are the prime factors of 73310?
2, 5, 7331
What are the prime factors of 7548546?
2, 3, 911, 1381
List the prime factors of 7598440.
2, 5, 189961
What are the prime factors of 145523?
7, 20789
What are the prime factors of 50039?
11, 4549
List the prime factors of 100302.
2, 3, 73, 229
List the prime factors of 666558.
2, 3, 19, 1949
What are the prime factors of 695346?
2, 3, 115891
What are the prime factors of 7774513?
107, 113, 643
List the prime factors of 172067.
7, 47, 523
What are the prime factors of 3357435?
3, 5, 223829
What are the prime factors of 15873517?
11, 167, 8641
What are the prime factors of 584839?
19, 30781
List the prime factors of 61599.
3, 20533
List the prime factors of 47068.
2, 7, 41
List the prime factors of 615289.
615289
What are the prime factors of 1633918?
2, 11, 13, 29, 197
List the prime factors of 32988258.
2, 3, 1832681
What are the prime factors of 7923376?
2, 495211
What are the prime factors of 1946447?
1946447
What are the prime factors of 3001436?
2, 89, 8431
What are the prime factors of 2364225?
3, 5, 29, 1087
List the prime factors of 1148941.
1148941
List the prime factors of 27782052.
2, 3, 181, 12791
List the prime factors of 549019.
549019
What are the prime factors of 1630311?
3, 67, 8111
What are the prime factors of 199040?
2, 5, 311
What are the prime factors of 2465374?
2, 17, 59, 1229
List the prime factors of 442118.
2, 221059
What are the prime factors of 6811053?
3, 937, 2423
List the prime factors of 15944403.
3, 29, 131, 1399
What are the prime factors of 8415360?
2, 3, 5, 487
What are the prime factors of 1407677?
269, 5233
List the prime factors of 8083784.
2, 1010473
What are the prime factors of 1215445?
5, 7, 11, 41
What are the prime factors of 29810952?
2, 3, 233, 1777
List the prime factors of 281556.
2, 3, 11, 79
What are the prime factors of 358692?
2, 3, 71, 421
List the prime factors of 5160242.
2, 37, 137, 509
List the prime factors of 3868902.
2, 3, 214939
List the prime factors of 79932.
2, 3, 6661
What are the prime factors of 517702?
2, 313, 827
List the prime factors of 2748353.
41, 67033
What are the prime factors of 842433?
3, 280811
List the prime factors of 602026.
2, 301013
What are the prime factors of 640461?
3, 41, 127
What are the prime factors of 14850010?
2, 5, 7, 17, 12479
List the prime factors of 78960.
2, 3, 5, 7, 47
List the prime factors of 3468797.
53, 65449
List the prime factors of 714088.
2, 89261
List the prime factors of 548365.
5, 109673
List the prime factors of 19135432.
2, 19, 31, 131
What are the prime factors of 1390374?
2, 3, 77243
What are the prime factors of 204799?
7, 17, 1721
What are the prime factors of 2586640?
2, 5, 7, 31, 149
What are the prime factors of 1568136?
2, 3, 223, 293
List the prime factors of 27324176.
2, 11, 155251
List the prime factors of 8428936.
2, 1053617
What are the prime factors of 9628695?
3, 5, 37, 5783
List the prime factors of 578196.
2, 3, 16061
List the prime factors of 582935.
5, 23, 37, 137
List the prime factors of 100243.
11, 13, 701
List the prime factors of 2034459.
3, 7, 43, 751
What are the prime factors of 123576?
2, 3, 19, 271
What are the prime factors of 234296?
2, 29287
What are the prime factors of 4381347?
3, 421, 3469
List the prime factors of 569923.
61, 9343
What are the prime factors of 25818077?
2393, 10789
What are the prime factors of 237242?
2, 118621
What are the prime factors of 190670?
2, 5, 23, 829
List the prime factors of 890282.
2, 445141
What are the prime factors of 901741?
901741
List the prime factors of 9152708.
2, 131, 17467
What are the prime factors of 53440?
2, 5, 167
List the prime factors of 406233.
3, 45137
List the prime factors of 1252373.
17, 23, 3203
What are the prime factors of 376962?
2, 3, 62827
List the prime factors of 1867897.
1867897
List the prime factors of 2603735.
5, 520747
List the prime factors of 440837.
587, 751
List the prime factors of 2705121.
3, 300569
What are the pri